ctors of u?
2, 5
Suppose t - 4*d = 28, 4*d + 4 = -4*t + 2*t. Let k(r) = -r**3 - 24 + r + 0*r + t + 12. What are the prime factors of k(-4)?
2, 7
Suppose -c = 4*d - 2185, -d - c + 541 = -6*c. What are the prime factors of d?
2, 3, 7, 13
What are the prime factors of (12/14)/(-3) - (-24240)/70?
2, 173
List the prime factors of 44304/17 + (-250)/2125.
2, 1303
Let c(t) = -16*t + 1. Let d(x) = 3 + 4 + 3*x - 5*x + 4. Let s be d(7). List the prime factors of c(s).
7
Let j(q) = -11*q + 10. Let r be j(-3). Let f = r + 48. List the prime factors of f.
7, 13
Let t(h) = 4*h + 4. Suppose -5*b - 4*y - y + 10 = 0, 4*b + 5*y - 11 = 0. Let q(n) = -n + 3. Let z be q(b). What are the prime factors of t(z)?
2, 5
Let m = 61 + -59. Suppose 4*v = m*v + 290. What are the prime factors of v?
5, 29
Suppose -16 = -7*v - 23. Let y(s) = -129*s - 1. What are the prime factors of y(v)?
2
Let m be 2/(-7) + (-456)/(-28). Suppose -2*y + 8 = 4*z, 4 = 3*y + z - 3. What are the prime factors of -1 + y*(3 + m)?
37
Let c(b) = 10*b**3 + 5*b**2 + 4*b - 12. What are the prime factors of c(4)?
2, 181
Suppose q - 3*q + 407 = 5*z, 3*z = -5*q + 1065. List the prime factors of q.
2, 3
Let k(v) = v**3 - 6*v**2 + 2. Let l be k(6). Suppose 2*h - 126 = -l*z, -2*h = -4*h + 5*z + 126. List the prime factors of h.
3, 7
Suppose 4*g = -3*r - r + 2636, 0 = -4*r + 2*g + 2612. What are the prime factors of r?
5, 131
Let y be 285/10 - (-6)/4. What are the prime factors of (-3)/(3/4) + 2040/y?
2
Suppose 3*h + 4*k - 11023 = 0, -2*h - 11*k + 14*k + 7326 = 0. List the prime factors of h.
3, 1223
Suppose -540 = -2*w - 424. List the prime factors of w.
2, 29
Suppose -3*g + 234 = 3*k, 0 = 5*g - 0*g + 3*k - 390. What are the prime factors of g?
2, 3, 13
Suppose 3*b = 5*b + 5*f - 1943, -4*b - 3*f + 3865 = 0. List the prime factors of b.
2, 241
Let d = 15 - 11. Suppose -d*p + 2 = -4*s - 26, -3*p + 5*s = -19. Let c(k) = 4*k - 8. List the prime factors of c(p).
2, 3
Let p be -24 + 1 + 0/(-3). Let w = p - -34. Let j = -8 + w. What are the prime factors of j?
3
Let q(j) = -12*j + 4. Let y be q(-3). Suppose 2*w + m = y + 4, 3*w - 4*m - 44 = 0. List the prime factors of w.
2, 5
Let i be ((-4)/1)/((-2)/14). Suppose 0 = -3*s - 4*s + i. Suppose 2 = x, -s*b + 166 = x + 4*x. List the prime factors of b.
3, 13
Let c be 6/(-3) + -1*13. Let l = -15 - c. Suppose l = -r - r + 18. What are the prime factors of r?
3
Let t = 25 + -12. Let d = t + -14. List the prime factors of d*(-16 - (-2)/1).
2, 7
Let c = -1614 - -2786. What are the prime factors of c?
2, 293
Let o(t) = t - 8. Let g be o(-6). Suppose -19*p - 384 = -7*p. List the prime factors of p/(-112) - 738/g.
53
Suppose 534 = 4*i + q, 2*i - 84 = q + 180. Let x = 193 - i. What are the prime factors of x?
2, 3, 5
List the prime factors of 12/(-9 - 436/(-48)).
2, 3
Let k be (-1 - -3) + 2 + -1. Let l be (-37)/(-3) - (-6)/(-18). Suppose -k*y + l = y. List the prime factors of y.
3
Let v(b) = b + 11. Let z be v(-5). Suppose 0 = -z*s + 265 - 49. List the prime factors of s.
2, 3
Let j be 425 - (2 + -1)*-1. Suppose -3*g + 5*u = -j, -8*g + 741 = -3*g + 2*u. List the prime factors of g.
3, 7
Let x = 7 + -10. Let w = 2 - 1. List the prime factors of (x + (3 - w))*-5.
5
Let u be (3*1)/(21/14). Suppose -2*y - 1974 = -5*d + u*y, 390 = d - 2*y. Suppose -2*v - 4*r + 104 = 0, -5*v + d - 82 = -4*r. List the prime factors of v.
2, 3, 5
Let y(g) = g**2 + 11*g + 9. Let x be y(-11). Suppose h + 5*a - x = 0, 7*h - 4*h - 2*a = 10. Let f(i) = i**3 - 3*i**2 + 2*i - 5. List the prime factors of f(h).
19
List the prime factors of 8/(-8)*-949 + -1.
2, 3, 79
Let s = 47 - -2224. List the prime factors of s.
3, 757
Let s(f) = -f**2 - 20*f + 4. Let r be s(-20). Suppose -r*c + 769 = 41. What are the prime factors of c?
2, 7, 13
List the prime factors of (-1)/(-10) - (-27929)/110.
2, 127
Suppose 5*f = -3*i + 855, 28*f - 32*f + 684 = -3*i. What are the prime factors of f?
3, 19
Let x(y) = -2*y - 5. Let l be x(-4). Suppose -3*s - l*h + 153 = 0, s + 3*h - 60 = 5*h. Suppose 2*m - s = 14. What are the prime factors of m?
2, 17
Suppose -4*z - 2406 = -2*n, -4*n - 6*z + 4785 = -5*z. List the prime factors of n.
3, 7, 19
Let f = 23 + -20. Let y = 6 - f. Suppose -q = y*q + 2*u - 154, 2*q + 3*u - 83 = 0. What are the prime factors of q?
37
Suppose 5*w = 12*w - 28. Let q = -8 + 6. List the prime factors of q*(-3 + w/(-2)).
2, 5
Suppose 0 = 20*c + 214 - 2514. What are the prime factors of c?
5, 23
Let y be -165*((-24)/9 + -3). Suppose 9*b - y = 4*b. List the prime factors of b.
11, 17
Let n(q) = -8*q - 3. Let h(k) = 9*k + 4. Let t(s) = 5*h(s) + 6*n(s). Let p be t(-1). Suppose -j - p = -31. List the prime factors of j.
2, 13
Suppose -27 = k + 2*k. Let o(p) = 617*p + 17. Let w be o(k). What are the prime factors of 4/(-30) + w/(-120)?
2, 23
Let l(a) = 1 + 2*a - 5*a - 14*a. List the prime factors of l(-1).
2, 3
Let y(s) = 2*s**3 + 0*s**3 - 3*s**3 - 6*s + 3*s**2 - 6 + 2*s**3. Let d be y(-4). List the prime factors of 130/14 - d/7.
3
Let w be (-68)/(-6) + (-16)/12. Let a(x) = x - 10. Let c be a(w). Suppose -6 = -m + 2*y, -m + c*m + 18 = y. List the prime factors of m.
2, 7
Let s(h) = 75*h + 106. List the prime factors of s(13).
23, 47
Let m(n) = -n**3 - 4*n**2 + 7*n + 12. Let x be m(-5). List the prime factors of x/(-2) - (-2 - 51).
2, 13
Let k be ((-48)/10*1)/((-3)/70). Let n = -35 + k. List the prime factors of n.
7, 11
Suppose 0 = 16*y + 7776 - 26976. List the prime factors of y.
2, 3, 5
Let n(p) = -p**3 + 10*p**2 - 5. Let o be -1*(3*1)/(5/(-15)). What are the prime factors of n(o)?
2, 19
Let x = 57 - 52. Suppose 140 = -x*m + 740. List the prime factors of m.
2, 3, 5
Let n = 60 + -62. Let u(o) = -3*o**3 - 4*o**2 - 4*o. List the prime factors of u(n).
2
Let b(u) = 2*u - 9. Let a be b(6). Suppose -3*h + 2*v - v = -131, a*h + 5*v = 137. What are the prime factors of (-9)/3*h/(-4)?
3, 11
Suppose 4*p - 400 = 4*m, 3*p - 424 = 2*m - 119. Suppose -4*b + 120 = 4*u, p = 3*u - 2*b - 0*b. List the prime factors of u.
3, 11
Let i(j) be the second derivative of j**6/360 - j**5/24 - 5*j**4/12 - 2*j**3/3 + 3*j. Let m(h) be the second derivative of i(h). List the prime factors of m(7).
2
Let u be ((-20)/(-35))/((-4)/(-14)). Suppose 6 = u*n - 50. Suppose -5*y = -22 - n. What are the prime factors of y?
2, 5
Suppose h + o = -2*o, 3*h = 2*o. Suppose -5*k - i + 418 = 0, i = 5*k - h*i - 422. What are the prime factors of k?
2, 3, 7
Suppose 5*j - 5*l + 200 = 0, -j - 4*j - 2*l = 235. Let m be 2 - (-1)/(-1) - 17. Let h = m - j. What are the prime factors of h?
29
Let m(f) be the third derivative of -f**5/60 - 7*f**4/8 - 23*f**3/6 + f**2 + 4*f. Suppose i + i = 4*k - 26, -83 = 5*i - k. List the prime factors of m(i).
3, 5
Let f(t) = 19*t**2 - 3*t + 9. Let x be f(-4). Suppose 3*s + x = 8*s. Suppose -5*c - 5*k + 25 = 0, c - 6*c + s = -5*k. What are the prime factors of c?
3
Let o = -4 + 9. Suppose -494 = -o*n - 59. List the prime factors of n.
3, 29
Let v be (-11)/(220/(-224)) + (-1)/5. Let a = 29 - v. What are the prime factors of a?
2, 3
Let l(g) = -2*g**3 + 3*g**2 - 4*g. What are the prime factors of l(-4)?
2, 3
Suppose 3*s + 9 = 9. Suppose 6*u - 286 - 392 = s. What are the prime factors of u?
113
Suppose -j - 2*w + 8 = 0, 4*w + 4 - 12 = 0. Suppose j*z = 5*y + 52 - 4, 3*y = z - 5. What are the prime factors of z?
17
Let q be (0 + -1 + 4)*(-130)/(-3). Suppose i - 3*h - q = 0, 5*h + 25 = 2*i - 230. What are the prime factors of i?
5, 23
Let h(j) = 6*j**2 - 12*j + 9. Suppose 20*w - 24 = 14*w. What are the prime factors of h(w)?
3, 19
Let p(t) = t**2 + 6*t + 7. Let u be p(-5). Suppose 0 = q - 2*c - 117, 0 = u*q - 5*c + 4*c - 219. List the prime factors of q.
107
Suppose -685*r = -676*r - 13149. What are the prime factors of r?
3, 487
Let d(t) be the first derivative of 3*t**2 - 1. Let x be d(4). Let u = -3 + x. List the prime factors of u.
3, 7
Suppose -3*r - r + 176 = 0. Let i be 1/(12/10 - 1). Suppose -3*k - r = -i*k. What are the prime factors of k?
2, 11
Let c(b) = -b**2 + 15*b + 5. Let a be c(7). Let w = a - 12. What are the prime factors of w?
7
Let g = 950 + -74. What are the prime factors of g?
2, 3, 73
Let y(w) = -2*w**2 + 21*w. Let v be y(10). Let g(j) = j + 54. What are the prime factors of g(v)?
2
Let n = 142 + -319. Let h = n + 254. Wh